mon factor of 12174 and 5118?
6
Calculate the highest common divisor of 2771691 and 39.
39
Calculate the highest common divisor of 143 and 767.
13
What is the greatest common factor of 76 and 19627?
19
Calculate the highest common divisor of 33853 and 388.
97
What is the highest common factor of 864 and 204896?
32
What is the highest common factor of 6 and 5322?
6
What is the highest common divisor of 18 and 562473?
9
Calculate the greatest common divisor of 51324 and 15228.
564
What is the greatest common factor of 74920 and 712?
8
What is the greatest common factor of 23625 and 47655?
135
Calculate the greatest common divisor of 348910 and 920.
230
What is the greatest common factor of 125 and 2915?
5
Calculate the greatest common factor of 89 and 4361.
89
Calculate the highest common divisor of 4 and 42116.
4
What is the highest common divisor of 82632 and 313?
313
What is the greatest common factor of 48969 and 18?
9
Calculate the highest common factor of 47276 and 6572.
212
Calculate the highest common factor of 1 and 95255.
1
What is the greatest common factor of 338 and 864266?
338
What is the greatest common divisor of 4152 and 2160078?
1038
Calculate the highest common divisor of 34 and 16932.
34
Calculate the greatest common divisor of 47532 and 5916.
204
What is the highest common divisor of 15 and 311235?
15
What is the highest common divisor of 2464 and 62144?
32
What is the greatest common divisor of 4656 and 288?
48
What is the highest common divisor of 536436 and 108?
108
Calculate the greatest common factor of 513 and 1557.
9
What is the greatest common divisor of 16834 and 1482?
38
Calculate the highest common factor of 39069 and 243.
27
Calculate the highest common factor of 1647217 and 66.
11
Calculate the highest common factor of 333 and 333.
333
What is the highest common divisor of 48 and 1850280?
24
Calculate the greatest common factor of 3045 and 963960.
435
Calculate the highest common divisor of 126 and 1660092.
42
Calculate the highest common divisor of 21322 and 7.
7
What is the greatest common divisor of 544 and 799?
17
What is the greatest common divisor of 17 and 202079?
17
Calculate the highest common divisor of 1407645 and 945.
135
What is the highest common factor of 31631 and 1346?
673
What is the highest common factor of 2101768 and 1060?
212
Calculate the greatest common divisor of 240 and 20208.
48
Calculate the highest common divisor of 120060 and 6612.
348
What is the greatest common divisor of 90076 and 7?
7
What is the highest common factor of 802 and 164?
2
What is the greatest common divisor of 36225 and 2394?
63
What is the greatest common divisor of 19188 and 676?
52
Calculate the highest common divisor of 140 and 1020.
20
Calculate the highest common factor of 96 and 173856.
96
Calculate the highest common divisor of 118824 and 564.
12
What is the greatest common divisor of 957 and 528?
33
Calculate the greatest common divisor of 1599 and 201903.
39
What is the highest common divisor of 18923 and 1651?
127
What is the greatest common divisor of 2310 and 26070?
330
What is the highest common factor of 2965 and 9795?
5
Calculate the highest common factor of 10238 and 2.
2
Calculate the greatest common factor of 928 and 23635.
29
What is the greatest common factor of 2268 and 966?
42
What is the highest common factor of 28197 and 78?
39
What is the highest common divisor of 56497 and 205234?
1153
What is the highest common divisor of 11891 and 44?
11
What is the highest common factor of 308748 and 132?
132
Calculate the greatest common factor of 24 and 371328.
24
What is the highest common divisor of 198 and 471064?
22
What is the greatest common divisor of 2862 and 486?
54
What is the greatest common divisor of 21181 and 1003?
59
What is the highest common factor of 39155 and 943?
41
What is the greatest common factor of 294 and 987294?
42
What is the highest common factor of 2051810 and 190?
190
Calculate the highest common factor of 800 and 2528.
32
What is the greatest common divisor of 903 and 5124?
21
What is the highest common factor of 150472 and 84?
28
What is the greatest common factor of 116299 and 152?
19
What is the highest common factor of 11178 and 3?
3
What is the highest common factor of 24 and 11982?
6
What is the greatest common factor of 4705182 and 54?
54
Calculate the highest common factor of 147032 and 40.
8
Calculate the highest common divisor of 372 and 60636.
372
What is the greatest common divisor of 298825 and 25?
25
What is the highest common divisor of 96 and 282444?
12
Calculate the greatest common factor of 3006 and 26.
2
What is the greatest common factor of 2 and 72177?
1
Calculate the greatest common factor of 3861 and 25883.
143
What is the greatest common factor of 24510 and 4845?
285
Calculate the highest common factor of 1837 and 825.
11
Calculate the greatest common factor of 111488 and 512.
128
Calculate the greatest common divisor of 70674 and 24.
6
What is the greatest common factor of 321 and 82283?
107
Calculate the greatest common divisor of 3592561 and 4438.
2219
Calculate the greatest common divisor of 7588 and 210.
14
Calculate the greatest common factor of 25 and 2309425.
25
What is the highest common factor of 42471 and 243?
27
Calculate the greatest common factor of 54671 and 46.
23
Calculate the highest common factor of 9393 and 131805.
303
What is the greatest common factor of 8771 and 179?
179
Calculate the greatest common factor of 133931 and 742.
371
Calculate the greatest common divisor of 533 and 130.
13
What is the highest common divisor of 18 and 983565?
9
Calculate the greatest common factor of 11856 and 13936.
208
Calculate the greatest common factor of 44 and 3487.
11
What is the highest common factor of 91871 and 481?
481
Calculate the highest common divisor of 580 and 3596.
116
Calculate the highest common divisor of 53592 and 4125.
33
Calculate the highest common divisor of 45 and 41805.
45
Calculate the highest common factor of 1638 and 22614.
6
What is the highest common divisor of 426403 and 577?
577
Calculate the greatest common factor of 835243 and 191.
191
What is the greatest common divisor of 187305 and 15?
15
Calculate the highest common factor of 8700 and 48.
12
Calculate the highest common factor of 42 and 39536.
14
What is the highest common divisor of 78146 and 82?
82
What is the greatest common divisor of 248833 and 169?
13
What is the greatest common divisor of 18477 and 27?
9
What is the highest common divisor of 209 and 78815?
11
What is the greatest common divisor of 67482 and 162?
18
Calculate the greatest common factor of 75995 and 5.
5
Calculate the highest common factor of 135 and 1495605.
15
What is the greatest common factor of 71688 and 522?
174
Calculate the greatest common factor of 1184 and 328856.
296
What is the greatest common divisor of 14615172 and 2171?
2171
What is the highest common divisor of 11603 and 100081?
41
What is the greatest common factor of 1560 and 51090?
390
What is the highest common factor of 41 and 9389?
41
Calculate the greatest common factor of 2513 and 1076641.
359
What is the greatest common factor of 2025 and 3051?
27
What is the greatest common factor of 7133 and 6671?
7
What is the highest common factor of 11328 and 196?
4
Calculate the highest common factor of 10 and 4945670.
10
What is the greatest common factor of 605 and 770?
55
What is the greatest common factor of 2408 and 40208?
56
Calculate the highest common divisor of 732 and 1289601.
183
What is the greatest common divisor of 43248 and 2992?
272
Calculate the highest common factor of 1728 and 12736.
64
What is the greatest common divisor of 7900 and 10744?
316
What is the highest common divisor of 67378 and 1357?
59
Calculate the highest common factor of 3193 and 3.
1
What is the highest common factor of 1240 and 56?
8
What is the greatest common factor of 2464000 and 77?
77
What is the greatest common divisor of 11322 and 249750?
666
What is the highest common divisor of 95508 and 413?
7
What is the greatest common divisor of 1976 and 55784?
152
What is the greatest common divisor of 2432 and 120688?
304
Calculate the highest common divisor of 3750 and 24350.
50
What is the highest common divisor of 18425 and